s divided by c.
10
Let k(d) = 9*d**2 - 5*d + 2. Let f be k(3). Suppose 252 = -4*h + j, 5*j = 2*h + 8*j + 140. Let w = f + h. Calculate the remainder when 27 is divided by w.
3
What is the remainder when 8433 is divided by 3/(14 - (-795)/(-57))?
54
Calculate the remainder when 1988 is divided by 2/(-12)*(14030/(-180) + 3/(-54)).
12
Let g be (8/(-20))/(2/(-20)). Suppose g*c = -3*q + 36, 5*c + 17 = -q + 5*q. Calculate the remainder when 38 is divided by q.
6
Suppose 1121*g = 1100*g + 5313. What is the remainder when g is divided by 4?
1
Suppose 5 + 1 = d - 5*y, -d + 3*y = -10. Suppose 3*i = 5*n - 151, 3*i + n + 79 = i. Let k = -14 - i. Calculate the remainder when k is divided by d.
12
Let h = 59 - 59. Suppose -n = -y - 0*n + 27, -2*y - 5*n + 82 = h. Calculate the remainder when y is divided by 12.
7
Calculate the remainder when 9 + 7 + -14 - (1 - 75 - -4) is divided by 24.
0
Suppose 26 = 2*z + 5*s, 5*z - 44 = 4*s + 54. Let t(b) = -17*b**3 - 7*b**2 - 5*b. Calculate the remainder when t(-3) is divided by z.
15
Let j(p) = -22*p**2 + 1318*p + 122. Let u be j(60). Let s be (1 - 1)/2 - 1. What is the remainder when 44 - (s - (u - 2)) is divided by 16?
13
Suppose 0 = 4*a - 2*r - 144, -40*a + 43*a - 5*r - 87 = 0. What is the remainder when 41 is divided by a?
2
Suppose -5*i + 508 = -67. Suppose 56 = 119*x - i*x. What is the remainder when 502 is divided by x?
12
Suppose 20*q = -64*q + 121412 + 1557832. What is the remainder when q is divided by 15?
11
Let w be (-1)/(-4*(-4)/(-53152)). Suppose -w = -13*r - 9*r. Calculate the remainder when r is divided by 51.
49
Suppose -5739 = 30*n - 33*n. What is the remainder when n is divided by 58?
57
What is the remainder when 235 is divided by 1*-1*99*(-32)/24?
103
Let a = 1651 - 1633. Suppose 0 = 5*g - 5*r - 55, -4*r = 2*g + r + 13. Calculate the remainder when (-21 + -2)*g/(-2) is divided by a.
15
Let q = 119 + -106. Let n(s) = -77*s**2 - s - 1. Let y(h) = -51*h**2 - h - 1. Let b(f) = 5*n(f) - 8*y(f). Calculate the remainder when b(-1) is divided by q.
10
Suppose -1166*k = -1171*k + 677 + 53. What is the remainder when 1751 is divided by k?
145
Let x(j) be the second derivative of 5*j**3/6 - 17*j**2 - 12*j. Let v be x(19). Suppose 2*b - 149 = -v. What is the remainder when b is divided by 8?
4
Suppose 3*y - 6*y + 3*r = -96, 4*r = -3*y + 75. Suppose -16*a = -89021 + 87437. Calculate the remainder when a is divided by y.
12
Let t = 28216 + -28163. Suppose -29 = -5*p + 131. What is the remainder when t is divided by p?
21
Suppose h - 47 = 130. Let y = h + -112. Let d = 816 - 805. Calculate the remainder when y is divided by d.
10
Calculate the remainder when (5721/2)/((-30)/(-20)) is divided by 18.
17
Suppose 2*p - 77 = 5*k + 129, p - 103 = -2*k. Suppose p*n - 106*n = -426. What is the remainder when n is divided by 29?
26
Calculate the remainder when (11 - 14)/(-6)*1738 is divided by 35.
29
What is the remainder when 94 is divided by (99/45 + -3)*(-25)/2?
4
Let o = 4 + -4. Let d(a) be the third derivative of -a**4/8 + 3*a**3 + 15*a**2 - 3. Calculate the remainder when 53 is divided by d(o).
17
Let u = 147 - 21. Calculate the remainder when u is divided by -11*-2*(-3 - 35/(-10)).
5
Suppose 0 = 4*x - 2*j - 286, 0 = -10*x + 2*j + 99 + 589. Calculate the remainder when 233 is divided by x.
32
Suppose d - 7 = 53. Suppose d = -3*x - 0*x. What is the remainder when 11 is divided by (-48)/x*(-10)/(-4)?
5
Let g be 2 + 0 - (3 - (2 + -34)). Suppose 7*u = -2*u + 1557. Let s = u + g. What is the remainder when s is divided by 47?
46
Let m(o) = o**2 + 21*o + 147. Calculate the remainder when 485 is divided by m(-7).
44
Let l(j) = -j**3 - 8*j**2 - 18*j - 67. Calculate the remainder when 23 is divided by l(-7).
3
Let b = 96 - 91. Suppose -2*q + 8 = -5*a, -a - 21 = -5*q + 45. Suppose b*l + u - q - 9 = 0, 0 = l + u - 3. Calculate the remainder when 33 is divided by l.
3
Let i = 13 - 13. Suppose i = -d + 10 + 5. Let r = -1193 - -1220. What is the remainder when r is divided by d?
12
Suppose 5*y - 548 + 58 = 0. Suppose -y = -5*o + 9*x - 8*x, 5*o + 3*x = 86. Let z = -33 + 69. What is the remainder when z is divided by o?
17
Let q = -25 - -39. Let d = 1143 - 663. What is the remainder when q is divided by (2/8)/(24/d)?
4
Suppose j = 2*j - 22. Calculate the remainder when (-5859)/434*((-80)/18 + 2/(-9)) is divided by j.
19
Let o be ((-30)/(-20))/(9*(-5)/(-1020)). Suppose -i - 31 = -5*y, 3*i - 4*y + 60 = -0*y. Let c = o - i. What is the remainder when c is divided by 17?
16
Let b = 27407 - 27276. What is the remainder when b is divided by 105?
26
Suppose 19*s = -6*s + 3200. Calculate the remainder when s is divided by 15.
8
Suppose -2*i + 3907 - 3451 = 0. Calculate the remainder when 910 is divided by i.
226
Suppose 5*s + 12 = 4*i, -3*i = -0*s + 3*s + 18. Calculate the remainder when s + -2 - 603/(-9) is divided by 22.
17
Let s(z) = -z**3 + 3*z**2 - 3*z + 41. Calculate the remainder when 293 is divided by s(4).
7
Let u(a) = -43*a - 3. Let k(x) = -214*x - 16. Let q be (-1 - -2)/1 + 1. Let b(i) = q*k(i) - 11*u(i). What is the remainder when b(3) is divided by 35?
31
Calculate the remainder when 524 is divided by 30/(-27)*13158/(-215).
48
Let c = 42255 + -33263. Calculate the remainder when c is divided by 257.
254
Calculate the remainder when ((-9)/(-12)*-1)/(2/2224*-2) is divided by 198.
21
Let w(h) = 31*h - 15. Let o be w(3). Suppose -3*v - o + 102 = 0. Calculate the remainder when 10 is divided by v.
2
Suppose 4*k - 552 - 108 = 0. Let p = -2 + k. What is the remainder when p is divided by 45?
28
Let f(m) = -4*m**2 - 99*m - 12. Let r(s) = 7*s - 107. Let a be r(12). Calculate the remainder when f(a) is divided by 38.
35
Suppose 20*b - 4378 = -2618. Calculate the remainder when 8359 is divided by b.
87
Let y(z) = 9*z**3 + 3*z**2 + 3*z + 4. Let f be y(-2). Let l be (48/(-20))/(-4) + f/(-5). Calculate the remainder when -280*(-10)/52 - (-2)/l is divided by 28.
26
Let r(q) = -19*q**2 + 10*q - 23. Let g be r(2). Let p = g + 124. What is the remainder when p is divided by 13?
6
Let t(s) = s**2 + 2*s + 27. Suppose 0 = -3*b + 4*u + 44, -1 = -2*b - 11*u + 8*u. Calculate the remainder when t(b) is divided by 41.
25
Suppose g = -2*d + 53, 3*g + 5*d = -37 + 195. Calculate the remainder when 67 is divided by g.
16
Suppose -11*q - 2*v = -6*q - 279, -5*q = -3*v - 269. Suppose -4*r = -173 + 65. Suppose 4*a - r = 29. What is the remainder when q is divided by a?
13
Let a be (5*(3 - 2))/(6/(-66)). Let r = 21 - a. Let m = 98 - r. Calculate the remainder when 85 is divided by m.
19
Let p = -14621 - -14823. What is the remainder when 986 is divided by p?
178
Let w = 110 + -263. Let q = 167 + w. Calculate the remainder when 151 is divided by q.
11
Let p = 6730 - 5869. What is the remainder when 2584 is divided by p?
1
Suppose -m = -5*l - 12, m = 6*l - 11*l + 2. Let b be ((-2)/1 - m)*(-8 + 0). Let r = b - 50. What is the remainder when 63 is divided by r?
19
Let b(o) = -4*o**3 + 5*o**2 + 54*o + 31. Calculate the remainder when b(-13) is divided by 54.
52
Suppose -2*f - 3*o = -831, -2*f + 187*o - 183*o + 838 = 0. Let x = -51 + 73. What is the remainder when f is divided by x?
21
Suppose a - 5*a + 2*w = -12, a + 5*w = 3. Suppose a*m - 19 = -5*b - 0*m, -4*b = -4*m - 28. Calculate the remainder when 83 is divided by 4 + 2/(-5)*-9*b.
17
Let p = 1900 + -1877. Calculate the remainder when 61 is divided by p.
15
Let v(d) = 13*d**2 + 40*d - 31. Calculate the remainder when 41 is divided by v(-4).
7
Suppose -29*h - 209*h = -339626. What is the remainder when h is divided by 26?
23
Let v = -44 - -34. Let p be ((-6)/v)/(42/(-15) - -3). Suppose p*k + 46 = 5*k. Calculate the remainder when 90 is divided by k.
21
Let u(o) = o**2 + 22*o - 22. Let p be (-190)/8 - (4 + 90/(-24)). Calculate the remainder when 65 is divided by u(p).
13
Let b(g) = g**2 - 13*g + 32. What is the remainder when b(19) is divided by (1368/(-108))/(-2*(-1)/(-6))?
32
Let h(z) = -208*z + 25. Let m be h(-5). Suppose -9*i - 138 = -m. What is the remainder when i is divided by (49/(-14))/(3/(-18))?
19
Suppose 4*d + 7*a - 46 - 176 = 0, d + 2*a = 56. Calculate the remainder when 176 is divided by d.
20
Suppose -c = 2 - 5. Suppose 5*k = -c*x - x + 240, 5*x = k + 329. Let u(f) = -17*f**3 + 8*f + 8. Calculate